n 45405 is divided by 88.
85
What is the remainder when 329594 is divided by 74?
72
Calculate the remainder when 66568 is divided by 172.
4
Calculate the remainder when 39377 is divided by 50.
27
What is the remainder when 2485 is divided by 406?
49
What is the remainder when 17751 is divided by 8?
7
What is the remainder when 37043 is divided by 189?
188
What is the remainder when 5325 is divided by 55?
45
Calculate the remainder when 19572 is divided by 435.
432
Calculate the remainder when 16917 is divided by 93.
84
What is the remainder when 2181 is divided by 361?
15
What is the remainder when 73256 is divided by 2094?
2060
What is the remainder when 4297 is divided by 18?
13
Calculate the remainder when 551661 is divided by 207.
6
Calculate the remainder when 2243 is divided by 523.
151
What is the remainder when 201660 is divided by 908?
84
Calculate the remainder when 5521284 is divided by 817.
815
Calculate the remainder when 730390 is divided by 182596.
6
What is the remainder when 111596 is divided by 36?
32
What is the remainder when 12115 is divided by 3590?
1345
Calculate the remainder when 710 is divided by 60.
50
Calculate the remainder when 5055 is divided by 5045.
10
What is the remainder when 59279 is divided by 33?
11
What is the remainder when 372900 is divided by 3?
0
Calculate the remainder when 94047 is divided by 38.
35
Calculate the remainder when 33680 is divided by 5568.
272
Calculate the remainder when 11076 is divided by 3691.
3
Calculate the remainder when 437462 is divided by 145.
142
Calculate the remainder when 179542 is divided by 4080.
22
What is the remainder when 360463 is divided by 653?
7
What is the remainder when 1912 is divided by 88?
64
Calculate the remainder when 18193 is divided by 524.
377
What is the remainder when 97379 is divided by 1070?
9
Calculate the remainder when 3814 is divided by 612.
142
What is the remainder when 31543 is divided by 2913?
2413
What is the remainder when 160713 is divided by 784?
777
Calculate the remainder when 11882 is divided by 131.
92
What is the remainder when 56406 is divided by 688?
678
What is the remainder when 1019 is divided by 308?
95
Calculate the remainder when 3017 is divided by 280.
217
What is the remainder when 35557 is divided by 531?
511
What is the remainder when 372 is divided by 166?
40
What is the remainder when 8826 is divided by 357?
258
Calculate the remainder when 278449 is divided by 585.
574
What is the remainder when 18026 is divided by 112?
106
What is the remainder when 14096 is divided by 880?
16
What is the remainder when 40558 is divided by 255?
13
Calculate the remainder when 2613 is divided by 766.
315
What is the remainder when 225428 is divided by 112698?
32
Calculate the remainder when 66222 is divided by 124.
6
Calculate the remainder when 261132 is divided by 35.
32
What is the remainder when 521360 is divided by 90?
80
Calculate the remainder when 1830 is divided by 466.
432
What is the remainder when 18540 is divided by 936?
756
What is the remainder when 976914 is divided by 305?
304
Calculate the remainder when 27730 is divided by 241.
15
Calculate the remainder when 202469 is divided by 85.
84
Calculate the remainder when 52503 is divided by 6.
3
What is the remainder when 35194 is divided by 17590?
14
Calculate the remainder when 297617 is divided by 14.
5
What is the remainder when 75215 is divided by 255?
245
What is the remainder when 349049 is divided by 749?
15
What is the remainder when 993 is divided by 21?
6
What is the remainder when 2056 is divided by 113?
22
Calculate the remainder when 197478 is divided by 65824.
6
What is the remainder when 17031 is divided by 16795?
236
What is the remainder when 32593 is divided by 3259?
3
What is the remainder when 6512 is divided by 322?
72
What is the remainder when 2432 is divided by 63?
38
Calculate the remainder when 878 is divided by 3.
2
What is the remainder when 4544 is divided by 4524?
20
What is the remainder when 123 is divided by 21?
18
Calculate the remainder when 95439 is divided by 105.
99
Calculate the remainder when 25924 is divided by 8638.
10
Calculate the remainder when 9794 is divided by 144.
2
Calculate the remainder when 65919 is divided by 16.
15
What is the remainder when 30762 is divided by 15379?
4
Calculate the remainder when 584356 is divided by 12433.
5
Calculate the remainder when 24103 is divided by 24035.
68
Calculate the remainder when 2889135 is divided by 434.
431
Calculate the remainder when 110358 is divided by 197.
38
What is the remainder when 14718 is divided by 65?
28
What is the remainder when 7612 is divided by 27?
25
What is the remainder when 321425 is divided by 214?
211
What is the remainder when 714 is divided by 694?
20
Calculate the remainder when 3481 is divided by 162.
79
Calculate the remainder when 2504 is divided by 87.
68
What is the remainder when 43261 is divided by 4?
1
What is the remainder when 238934 is divided by 79641?
11
What is the remainder when 35970 is divided by 140?
130
What is the remainder when 50565 is divided by 12634?
29
What is the remainder when 78319 is divided by 34?
17
Calculate the remainder when 277337 is divided by 98.
95
What is the remainder when 1874 is divided by 57?
50
Calculate the remainder when 36773 is divided by 96.
5
What is the remainder when 102814 is divided by 68?
66
What is the remainder when 2325 is divided by 465?
0
Calculate the remainder when 1187 is divided by 111.
77
What is the remainder when 597255 is divided by 55?
10
Calculate the remainder when 3578 is divided by 11.
3
Calculate the remainder when 2436 is divided by 398.
48
Calculate the remainder when 1491 is divided by 215.
201
What is the remainder when 87117 is divided by 30?
27
What is the remainder when 551867 is divided by 319?
316
What is the remainder when 2893 is divided by 274?
153
Calculate the remainder when 2311 is divided by 560.
71
Calculate the remainder when 29700 is divided by 14590.
520
What is the remainder when 11440 is divided by 5561?
318
What is the remainder when 3964 is divided by 801?
760
Calculate the remainder when 112581 is divided by 138.
111
Calculate the remainder when 2158 is divided by 260.
78
Calculate the remainder when 17916 is divided by 80.
76
Calculate the remainder when 11147 is divided by 4843.
1461
What is the remainder when 880 is divided by 28?
12
Calculate the remainder when 4007 is divided by 2.
1
What is the remainder when 23968 is divided by 85?
83
Calculate the remainder when 499 is divided by 130.
109
Calculate the remainder when 39914 is divided by 13296.
26
What is the remainder when 8899 is divided by 261?
25
What is the remainder when 49880 is divided by 12?
8
What is the remainder when 14956 is divided by 12?
4
What is the remainder when 1253894 is divided by 895?
894
What is the remainder when 365517 is divided by 15?
12
What is the remainder when 2900351 is divided by 14?
13
Calculate the remainder when 518053 is divided by 17863.
26
Calculate the remainder when 30859 is divided by 48.
43
What is the remainder when 1429024 is divided by 13?
12
What is the remainder when 959841 is divided by 135?
126
What is the remainder when 13988 is divided by 4650?
38
Calculate the remainder when 3922350 is divided by 8.
6
Calculate the remainder when 1968 is divided by 724.
520
Calculate the remainder when 7396 is divided by 398.
232
Calculate the remainder when 22682 is divided by 88.
66
What is the remainder when 4325 is divided by 1971?
383
What is the remainder when 85123 is divided by 28352?
67
What is the remainder when 1323 is divided by 1313?
10
What is the remainder when 1215 is divided by 310?
285
What is the remainder when 230 is divided by 75?
5
What is the remainder when 272979 is divided by 282?
3
Calculate the remainder when 24406 is divided by 8109.
79
What is the remainder when 11364 is divided by 11356?
8
What is the remainder when 1590 is divided by 6?
0
Calculate the remainder when 25604 is divided by 69.
5
Calculate the remainder when 25209303 is divided by 18.
15
Calculate the remainder when 17597 is divided by 8793.
11
What is the remainder when 5805 is divided by 991?
850
Calculate the remainder when 283805 is divided by 32.
29
Calcul